{"id":11725,"date":"2024-02-15T15:02:46","date_gmt":"2024-02-15T14:02:46","guid":{"rendered":"https:\/\/adicciones.fsyc.org\/coneix-nos\/"},"modified":"2025-03-13T19:14:27","modified_gmt":"2025-03-13T18:14:27","slug":"coneix-nos","status":"publish","type":"page","link":"https:\/\/adicciones.fsyc.org\/ca\/coneix-nos\/","title":{"rendered":"Coneix-nos"},"content":{"rendered":"\t\t<div data-elementor-type=\"wp-page\" data-elementor-id=\"11725\" class=\"elementor elementor-11725 elementor-10491\">\n\t\t\t\t\t\t<section class=\"elementor-section elementor-top-section elementor-element elementor-element-2c6d0315 elementor-section-full_width elementor-reverse-tablet elementor-reverse-mobile elementor-section-height-default elementor-section-height-default\" data-id=\"2c6d0315\" data-element_type=\"section\" data-settings=\"{&quot;background_background&quot;:&quot;classic&quot;}\">\n\t\t\t\t\t\t<div class=\"elementor-container elementor-column-gap-default\">\n\t\t\t\t\t<div class=\"elementor-column elementor-col-50 elementor-top-column elementor-element elementor-element-68d6f1bf\" data-id=\"68d6f1bf\" data-element_type=\"column\">\n\t\t\t<div class=\"elementor-widget-wrap elementor-element-populated\">\n\t\t\t\t\t\t<div class=\"elementor-element elementor-element-5700cd4f elementor-widget elementor-widget-hub_fancy_heading\" data-id=\"5700cd4f\" data-element_type=\"widget\" data-widget_type=\"hub_fancy_heading.default\">\n\t\t\t\t<div class=\"elementor-widget-container\">\n\t\t\t\t\t\n\t\t<div id=\"ld-fancy-heading-69f2f0076d58d\" class=\"ld-fancy-heading pos-rel\">\n\t\t\t<h2 class=\"ld-fh-element d-inline-block pos-rel  elementor-heading-title lqd-highlight-classic lqd-highlight-grow-left h2\"  > Disposem d\u00b4una xarxa pr\u00f2pia de centres especialitzats  <\/h2>\t\t<\/div>\n\n\t\t\t\t\t\t<\/div>\n\t\t\t\t<\/div>\n\t\t\t\t<div class=\"elementor-element elementor-element-4e863bcb elementor-widget elementor-widget-hub_fancy_heading\" data-id=\"4e863bcb\" data-element_type=\"widget\" data-widget_type=\"hub_fancy_heading.default\">\n\t\t\t\t<div class=\"elementor-widget-container\">\n\t\t\t\t\t\n\t\t<div id=\"ld-fancy-heading-69f2f0076de74\" class=\"ld-fancy-heading pos-rel\">\n\t\t\t<p class=\"ld-fh-element d-inline-block pos-rel  lqd-highlight-classic lqd-highlight-grow-left p\"  > La Fundaci\u00f3 Salut i Comunitat SC treballa des del 1997 en \u00e0mbits com la investigaci\u00f3, prevenci\u00f3, intervenci\u00f3 i sensibilitzaci\u00f3 sobre diverses problem\u00e0tiques sanit\u00e0ries i socials. M\u00e9s de 1500 professionals col\u00b7laboren en m\u00e9s d'un centenar de projectes: addiccions, atenci\u00f3 a la dona, salut mental, gent gran, nens i adolescents, fam\u00edlies...<\/p>\t\t<\/div>\n\n\t\t\t\t\t\t<\/div>\n\t\t\t\t<\/div>\n\t\t\t\t\t<\/div>\n\t\t<\/div>\n\t\t\t\t<div class=\"elementor-column elementor-col-50 elementor-top-column elementor-element elementor-element-6ffd5f3b\" data-id=\"6ffd5f3b\" data-element_type=\"column\" data-settings=\"{&quot;background_background&quot;:&quot;classic&quot;}\">\n\t\t\t<div class=\"elementor-widget-wrap elementor-element-populated\">\n\t\t\t\t\t\t<div class=\"elementor-element elementor-element-5bd964d5 elementor-widget elementor-widget-spacer\" data-id=\"5bd964d5\" data-element_type=\"widget\" data-widget_type=\"spacer.default\">\n\t\t\t\t<div class=\"elementor-widget-container\">\n\t\t\t\t\t\t\t<div class=\"elementor-spacer\">\n\t\t\t<div class=\"elementor-spacer-inner\"><\/div>\n\t\t<\/div>\n\t\t\t\t\t\t<\/div>\n\t\t\t\t<\/div>\n\t\t\t\t\t<\/div>\n\t\t<\/div>\n\t\t\t\t\t<\/div>\n\t\t<\/section>\n\t\t\t\t<section class=\"elementor-section elementor-top-section elementor-element elementor-element-ac198ce elementor-section-full_width elementor-reverse-tablet elementor-reverse-mobile elementor-section-height-default elementor-section-height-default\" data-id=\"ac198ce\" data-element_type=\"section\" data-settings=\"{&quot;background_background&quot;:&quot;classic&quot;}\">\n\t\t\t\t\t\t<div class=\"elementor-container elementor-column-gap-default\">\n\t\t\t\t\t<div class=\"elementor-column elementor-col-50 elementor-top-column elementor-element elementor-element-f0386b3\" data-id=\"f0386b3\" data-element_type=\"column\" data-settings=\"{&quot;background_background&quot;:&quot;classic&quot;}\">\n\t\t\t<div class=\"elementor-widget-wrap elementor-element-populated\">\n\t\t\t\t\t\t<div class=\"elementor-element elementor-element-8159370 elementor-widget elementor-widget-spacer\" data-id=\"8159370\" data-element_type=\"widget\" data-widget_type=\"spacer.default\">\n\t\t\t\t<div class=\"elementor-widget-container\">\n\t\t\t\t\t\t\t<div class=\"elementor-spacer\">\n\t\t\t<div class=\"elementor-spacer-inner\"><\/div>\n\t\t<\/div>\n\t\t\t\t\t\t<\/div>\n\t\t\t\t<\/div>\n\t\t\t\t\t<\/div>\n\t\t<\/div>\n\t\t\t\t<div class=\"elementor-column elementor-col-50 elementor-top-column elementor-element elementor-element-f7f719b\" data-id=\"f7f719b\" data-element_type=\"column\">\n\t\t\t<div class=\"elementor-widget-wrap elementor-element-populated\">\n\t\t\t\t\t\t<div class=\"elementor-element elementor-element-9ce11b8 elementor-widget elementor-widget-hub_fancy_heading\" data-id=\"9ce11b8\" data-element_type=\"widget\" data-widget_type=\"hub_fancy_heading.default\">\n\t\t\t\t<div class=\"elementor-widget-container\">\n\t\t\t\t\t\n\t\t<div id=\"ld-fancy-heading-69f2f0076e3ef\" class=\"ld-fancy-heading pos-rel\">\n\t\t\t<h2 class=\"ld-fh-element d-inline-block pos-rel  elementor-heading-title lqd-highlight-classic lqd-highlight-grow-left h2\"  > Experi\u00e8ncia i saber fer<\/h2>\t\t<\/div>\n\n\t\t\t\t\t\t<\/div>\n\t\t\t\t<\/div>\n\t\t\t\t<div class=\"elementor-element elementor-element-f3364d3 elementor-widget elementor-widget-hub_fancy_heading\" data-id=\"f3364d3\" data-element_type=\"widget\" data-widget_type=\"hub_fancy_heading.default\">\n\t\t\t\t<div class=\"elementor-widget-container\">\n\t\t\t\t\t\n\t\t<div id=\"ld-fancy-heading-69f2f0076e96a\" class=\"ld-fancy-heading pos-rel\">\n\t\t\t<p class=\"ld-fh-element d-inline-block pos-rel  lqd-highlight-classic lqd-highlight-grow-left p\"  > M\u00e9s de 30 anys d'experi\u00e8ncia ens avalen en el camp de la rehabilitaci\u00f3, tractament de les addiccions i reinserci\u00f3 social de persones drogodependents. La nostra feina es va iniciar a la d\u00e8cada dels 80 i, des de llavors, hem consolidat i millorat els nostres serveis en aquest \u00e0mbit fins a convertir el nostre Circuit d'Atenci\u00f3 Integral en Addiccions en un dels dispositius de refer\u00e8ncia a Catalunya.<\/p>\t\t<\/div>\n\n\t\t\t\t\t\t<\/div>\n\t\t\t\t<\/div>\n\t\t\t\t\t<\/div>\n\t\t<\/div>\n\t\t\t\t\t<\/div>\n\t\t<\/section>\n\t\t\t\t<\/div>\n\t\t","protected":false},"excerpt":{"rendered":"<p>Disposem d??una xarxa pr??pia de centres especialitzats La Fundaci?? Salut i Comunitat SC treballa des del 1997 en ??mbits com la investigaci??, prevenci??, intervenci?? i sensibilitzaci?? sobre diverses problem??tiques sanit??ries i socials. M??s de 1500 professionals col??laboren en m??s d&#8217;un centenar de projectes: addiccions, atenci?? a la dona, salut mental, gent gran, nens i adolescents, [&hellip;]<\/p>\n","protected":false},"author":1,"featured_media":0,"parent":0,"menu_order":2,"comment_status":"closed","ping_status":"closed","template":"","meta":{"_seopress_robots_primary_cat":"","_seopress_titles_title":"","_seopress_titles_desc":"","_seopress_robots_index":"","_joinchat":[],"footnotes":""},"class_list":["post-11725","page","type-page","status-publish","hentry"],"_links":{"self":[{"href":"https:\/\/adicciones.fsyc.org\/ca\/wp-json\/wp\/v2\/pages\/11725","targetHints":{"allow":["GET"]}}],"collection":[{"href":"https:\/\/adicciones.fsyc.org\/ca\/wp-json\/wp\/v2\/pages"}],"about":[{"href":"https:\/\/adicciones.fsyc.org\/ca\/wp-json\/wp\/v2\/types\/page"}],"author":[{"embeddable":true,"href":"https:\/\/adicciones.fsyc.org\/ca\/wp-json\/wp\/v2\/users\/1"}],"replies":[{"embeddable":true,"href":"https:\/\/adicciones.fsyc.org\/ca\/wp-json\/wp\/v2\/comments?post=11725"}],"version-history":[{"count":1,"href":"https:\/\/adicciones.fsyc.org\/ca\/wp-json\/wp\/v2\/pages\/11725\/revisions"}],"predecessor-version":[{"id":11726,"href":"https:\/\/adicciones.fsyc.org\/ca\/wp-json\/wp\/v2\/pages\/11725\/revisions\/11726"}],"wp:attachment":[{"href":"https:\/\/adicciones.fsyc.org\/ca\/wp-json\/wp\/v2\/media?parent=11725"}],"curies":[{"name":"wp","href":"https:\/\/api.w.org\/{rel}","templated":true}]}}

<div data-elementor-type="wp-page" data-elementor-id="11725" class="elementor elementor-11725 elementor-10491">
						<section class="elementor-section elementor-top-section elementor-element elementor-element-2c6d0315 elementor-section-full_width elementor-reverse-tablet elementor-reverse-mobile elementor-section-height-default elementor-section-height-default" data-id="2c6d0315" data-element_type="section" data-settings="{&quot;background_background&quot;:&quot;classic&quot;}">
						<div class="elementor-container elementor-column-gap-default">
					<div class="elementor-column elementor-col-50 elementor-top-column elementor-element elementor-element-68d6f1bf" data-id="68d6f1bf" data-element_type="column">
			<div class="elementor-widget-wrap elementor-element-populated">
						<div class="elementor-element elementor-element-5700cd4f elementor-widget elementor-widget-hub_fancy_heading" data-id="5700cd4f" data-element_type="widget" data-widget_type="hub_fancy_heading.default">
				<div class="elementor-widget-container">
					
		<div id="ld-fancy-heading-69f2f0076d58d" class="ld-fancy-heading pos-rel">
			<h2 class="ld-fh-element d-inline-block pos-rel  elementor-heading-title lqd-highlight-classic lqd-highlight-grow-left h2"  > Disposem d´una xarxa pròpia de centres especialitzats  </h2>		</div>

						</div>
				</div>
				<div class="elementor-element elementor-element-4e863bcb elementor-widget elementor-widget-hub_fancy_heading" data-id="4e863bcb" data-element_type="widget" data-widget_type="hub_fancy_heading.default">
				<div class="elementor-widget-container">
					
		<div id="ld-fancy-heading-69f2f0076de74" class="ld-fancy-heading pos-rel">
			<p class="ld-fh-element d-inline-block pos-rel  lqd-highlight-classic lqd-highlight-grow-left p"  > La Fundació Salut i Comunitat SC treballa des del 1997 en àmbits com la investigació, prevenció, intervenció i sensibilització sobre diverses problemàtiques sanitàries i socials. Més de 1500 professionals col·laboren en més d'un centenar de projectes: addiccions, atenció a la dona, salut mental, gent gran, nens i adolescents, famílies...</p>		</div>

						</div>
				</div>
					</div>
		</div>
				<div class="elementor-column elementor-col-50 elementor-top-column elementor-element elementor-element-6ffd5f3b" data-id="6ffd5f3b" data-element_type="column" data-settings="{&quot;background_background&quot;:&quot;classic&quot;}">
			<div class="elementor-widget-wrap elementor-element-populated">
						<div class="elementor-element elementor-element-5bd964d5 elementor-widget elementor-widget-spacer" data-id="5bd964d5" data-element_type="widget" data-widget_type="spacer.default">
				<div class="elementor-widget-container">
							<div class="elementor-spacer">
			<div class="elementor-spacer-inner"></div>
		</div>
						</div>
				</div>
					</div>
		</div>
					</div>
		</section>
				<section class="elementor-section elementor-top-section elementor-element elementor-element-ac198ce elementor-section-full_width elementor-reverse-tablet elementor-reverse-mobile elementor-section-height-default elementor-section-height-default" data-id="ac198ce" data-element_type="section" data-settings="{&quot;background_background&quot;:&quot;classic&quot;}">
						<div class="elementor-container elementor-column-gap-default">
					<div class="elementor-column elementor-col-50 elementor-top-column elementor-element elementor-element-f0386b3" data-id="f0386b3" data-element_type="column" data-settings="{&quot;background_background&quot;:&quot;classic&quot;}">
			<div class="elementor-widget-wrap elementor-element-populated">
						<div class="elementor-element elementor-element-8159370 elementor-widget elementor-widget-spacer" data-id="8159370" data-element_type="widget" data-widget_type="spacer.default">
				<div class="elementor-widget-container">
							<div class="elementor-spacer">
			<div class="elementor-spacer-inner"></div>
		</div>
						</div>
				</div>
					</div>
		</div>
				<div class="elementor-column elementor-col-50 elementor-top-column elementor-element elementor-element-f7f719b" data-id="f7f719b" data-element_type="column">
			<div class="elementor-widget-wrap elementor-element-populated">
						<div class="elementor-element elementor-element-9ce11b8 elementor-widget elementor-widget-hub_fancy_heading" data-id="9ce11b8" data-element_type="widget" data-widget_type="hub_fancy_heading.default">
				<div class="elementor-widget-container">
					
		<div id="ld-fancy-heading-69f2f0076e3ef" class="ld-fancy-heading pos-rel">
			<h2 class="ld-fh-element d-inline-block pos-rel  elementor-heading-title lqd-highlight-classic lqd-highlight-grow-left h2"  > Experiència i saber fer</h2>		</div>

						</div>
				</div>
				<div class="elementor-element elementor-element-f3364d3 elementor-widget elementor-widget-hub_fancy_heading" data-id="f3364d3" data-element_type="widget" data-widget_type="hub_fancy_heading.default">
				<div class="elementor-widget-container">
					
		<div id="ld-fancy-heading-69f2f0076e96a" class="ld-fancy-heading pos-rel">
			<p class="ld-fh-element d-inline-block pos-rel  lqd-highlight-classic lqd-highlight-grow-left p"  > Més de 30 anys d'experiència ens avalen en el camp de la rehabilitació, tractament de les addiccions i reinserció social de persones drogodependents. La nostra feina es va iniciar a la dècada dels 80 i, des de llavors, hem consolidat i millorat els nostres serveis en aquest àmbit fins a convertir el nostre Circuit d'Atenció Integral en Addiccions en un dels dispositius de referència a Catalunya.</p>		</div>

						</div>
				</div>
					</div>
		</div>
					</div>
		</section>
				</div>
